{"id":432,"date":"2024-02-16T15:23:16","date_gmt":"2024-02-16T12:23:16","guid":{"rendered":"https:\/\/kocaelispor.tv.tr\/tema-fidan-bagisi\/"},"modified":"2025-11-29T16:42:41","modified_gmt":"2025-11-29T13:42:41","slug":"tema-fidan-bagisi","status":"publish","type":"page","link":"https:\/\/www.kocaelispor.tv.tr\/?page_id=432","title":{"rendered":"TEMA &#8211; Fidan Ba\u011f\u0131\u015f\u0131"},"content":{"rendered":"\n<p>2021 Y\u0131l\u0131nda Akdeniz \u2018de meydana gelen orman yang\u0131lar\u0131 sonras\u0131nda 41 adet fidan ba\u011f\u0131\u015f\u0131 yap\u0131ld\u0131.<\/p>\n\n\n\n<figure class=\"wp-block-image size-large\"><img decoding=\"async\" src=\"https:\/\/www.kocaelispor.tv.tr\/wp-content\/uploads\/2024\/02\/IMG_4012-1024x492.png\" alt=\"\" class=\"wp-image-431\" title=\"\"><figcaption class=\"wp-element-caption\">TEMA<\/figcaption><\/figure>\n\n\n\n<!-- AdMatic AUTO ads START -->\n<ins data-publisher=\"adm-pub-193197691839\" data-ad-network=\"65942d0f4d11b285b616d5f2\"   class=\"adm-ads-area\"><\/ins>\n<script type=\"text\/javascript\" src=\"https:\/\/static.cdn.admatic.com.tr\/showad\/showad.min.js\"><\/script>\n<!-- AdMatic AUTO ads END -->\n\n\n\n<figure class=\"wp-block-embed is-type-video is-provider-youtube wp-block-embed-youtube wp-embed-aspect-9-16 wp-has-aspect-ratio\"><div class=\"wp-block-embed__wrapper\">\n<div class=\"lyte-wrapper\" style=\"width:640px;max-width:100%;margin:5px auto;\"><div class=\"lyMe hidef\" id=\"WYL_WKMF7Yegscs\"><div id=\"lyte_WKMF7Yegscs\" data-src=\"https:\/\/www.kocaelispor.tv.tr\/wp-content\/plugins\/wp-youtube-lyte\/lyteCache.php?origThumbUrl=%2F%2Fi.ytimg.com%2Fvi%2FWKMF7Yegscs%2Fhqdefault.jpg\" class=\"pL\"><div class=\"tC\"><div class=\"tT\"><\/div><\/div><div class=\"play\"><\/div><div class=\"ctrl\"><div class=\"Lctrl\"><\/div><div class=\"Rctrl\"><\/div><\/div><\/div><noscript><a href=\"https:\/\/youtu.be\/WKMF7Yegscs\" rel=\"nofollow noopener\" target=\"_blank\"><img loading=\"lazy\" decoding=\"async\" src=\"https:\/\/www.kocaelispor.tv.tr\/wp-content\/plugins\/wp-youtube-lyte\/lyteCache.php?origThumbUrl=https%3A%2F%2Fi.ytimg.com%2Fvi%2FWKMF7Yegscs%2F0.jpg\" alt=\"YouTube video thumbnail\" width=\"640\" height=\"340\" title=\"\"><\/a><\/noscript><\/div><\/div><div class=\"lL\" style=\"max-width:100%;width:640px;margin:5px auto;\"> <a href=\"https:\/\/youtu.be\/WKMF7Yegscs\" target=\"_blank\" rel=\"noopener\">Watch this video on YouTube<\/a>.<br\/><span class=\"lyte_disclaimer\">*** Sitemizde payla\u015f\u0131lan videolar\u0131n t\u00fcm sorumlulu\u011fu, video \u2018nun yay\u0131nc\u0131s\u0131na aittir. ***<\/span><\/div>\n\n<template data-arve_cachetime=\"2025-11-30T02:03:27+03:00\" data-arve_iframe_src=\"https:\/\/www.youtube.com\/embed\/WKMF7Yegscs?feature=oembed\" data-arve_url=\"https:\/\/youtube.com\/shorts\/WKMF7Yegscs?si=qh0Qbtm45XMiyGYt\" data-author_name=\"KOTA - Kocaelispor.Tv.Tr\" data-author_url=\"https:\/\/www.youtube.com\/@KOTA-KocaelisporTvTr\" data-height=\"960\" data-provider=\"youtube\" data-provider_name=\"YouTube\" data-provider_url=\"https:\/\/www.youtube.com\/\" data-thumbnail_height=\"360\" data-thumbnail_url=\"https:\/\/i.ytimg.com\/vi\/WKMF7Yegscs\/hq2.jpg\" data-thumbnail_width=\"480\" data-title=\"KOTA TV - Toplam 41 Fidan...\" data-type=\"video\" data-version=\"1.0\" data-width=\"540\" class=\"arve-data\"><\/template>\n<\/div><\/figure>\n","protected":false},"excerpt":{"rendered":"<p>2021 Y\u0131l\u0131nda Akdeniz \u2018de meydana gelen orman yang\u0131lar\u0131 sonras\u0131nda 41 adet fidan ba\u011f\u0131\u015f\u0131 yap\u0131ld\u0131.<\/p>\n","protected":false},"author":1,"featured_media":0,"parent":0,"menu_order":0,"comment_status":"closed","ping_status":"closed","template":"","meta":{"footnotes":""},"class_list":["post-432","page","type-page","status-publish","hentry"],"amp_enabled":true,"_links":{"self":[{"href":"https:\/\/www.kocaelispor.tv.tr\/index.php?rest_route=\/wp\/v2\/pages\/432","targetHints":{"allow":["GET"]}}],"collection":[{"href":"https:\/\/www.kocaelispor.tv.tr\/index.php?rest_route=\/wp\/v2\/pages"}],"about":[{"href":"https:\/\/www.kocaelispor.tv.tr\/index.php?rest_route=\/wp\/v2\/types\/page"}],"author":[{"embeddable":true,"href":"https:\/\/www.kocaelispor.tv.tr\/index.php?rest_route=\/wp\/v2\/users\/1"}],"replies":[{"embeddable":true,"href":"https:\/\/www.kocaelispor.tv.tr\/index.php?rest_route=%2Fwp%2Fv2%2Fcomments&post=432"}],"version-history":[{"count":0,"href":"https:\/\/www.kocaelispor.tv.tr\/index.php?rest_route=\/wp\/v2\/pages\/432\/revisions"}],"wp:attachment":[{"href":"https:\/\/www.kocaelispor.tv.tr\/index.php?rest_route=%2Fwp%2Fv2%2Fmedia&parent=432"}],"curies":[{"name":"wp","href":"https:\/\/api.w.org\/{rel}","templated":true}]}}